f 80 and f?
16
Suppose -5*x = -2*q - 163 - 15, -3*x - 2*q + 110 = 0. Suppose 4*d - 8 = x. Calculate the highest common divisor of d and 2.
1
Let g(c) be the first derivative of c**4/4 + 7*c**3/3 + 11*c**2/2 + 10*c + 45. Let k be g(-4). What is the greatest common factor of 77 and k?
7
Let x = -1164 - -5049. Calculate the highest common factor of x and 15.
15
Let z(h) = -2353*h - 359. Let j be z(-2). What is the highest common divisor of 189 and j?
189
Suppose 11*a - 215 + 138 = 0. Suppose 6*b - 31 = -a. Calculate the greatest common divisor of 3 and b.
1
Let h(b) = -b**2 - 7*b + 2. Let l be h(-7). Suppose s = l*s - 6. Suppose 180*o - 12792 = -121*o + 7074. What is the greatest common factor of s and o?
6
Let c = -323 + -7. Let f = -260 - c. Calculate the highest common factor of f and 14.
14
Suppose -3*x = -0*b - 4*b - 32, -36 = -5*x - 2*b. Let o = -48 - -77. Suppose -5*y - o = -69. What is the highest common divisor of x and y?
8
Let o(u) = -u - 19. Let r be o(-23). Suppose 4*y + r = 28. Suppose -49 = -y*m - 13. What is the highest common divisor of m and 3?
3
Let q be (-91 + 990)*(-1 - -2). Let d = q - 898. Calculate the highest common factor of d and 54.
1
Suppose 37*v + 5200 = 117*v. What is the highest common factor of v and 117?
13
Suppose 5*m = 5*b - 89 - 311, 0 = 3*m. Calculate the highest common factor of 2680 and b.
40
Let f be (-2140)/749*(138/(-4) + 3). What is the greatest common factor of 720 and f?
90
Let l be (-42)/(-9) + 1 + 20/(-12). Let v(p) = 2*p**3 - 8*p**2 + 7*p - 7. Let n be v(l). What is the greatest common divisor of n and 651?
21
Let z = 1958 + -1760. Let x be 0 + ((-3)/(-4))/(5/120). What is the highest common factor of x and z?
18
Let p = 5836 + 1382. Calculate the highest common factor of p and 18.
18
Let c be 2816 + ((-405)/243)/((-5)/12). What is the greatest common divisor of c and 300?
60
Let m be 15093/36 - (-15)/20. Suppose -74*r + 81*r = m. Calculate the highest common divisor of 288 and r.
12
Let w = 310 + -115. Let k be 90/((3/(-1))/(117/(-78))). Calculate the highest common factor of w and k.
15
Let n(b) = b**3 + 7*b**2 - 18*b - 12. Let s be n(-8). Let q = s - 76. Let f be q/(-2 - -4 - 3). What is the highest common factor of 56 and f?
8
Let h(f) = 9*f**2. Let p be h(-1). Let t be (-655)/10 - 2/(-4). Let y = -29 - t. What is the greatest common divisor of p and y?
9
Let r(v) = v**2 - 175*v - 1654. Let g be r(-9). What is the highest common factor of 39 and g?
1
Let b(u) = u**2 - 19*u - 78. Let m be b(-4). Let d be 1587/92*56/3. Calculate the highest common factor of m and d.
14
Let y = 38 + -27. Suppose 0 = 822*a - 12812 - 5847 + 575. Calculate the greatest common divisor of y and a.
11
Let i = 158 - 134. Let y be 36/24 + 1236/8. Calculate the highest common divisor of i and y.
12
Let m = -3424 + 7255. Calculate the greatest common factor of 3 and m.
3
Let y = -6244 + 8318. What is the highest common divisor of 170 and y?
34
Suppose 0 = -6*v + 35 + 37. Suppose -65*i = 102*i - 3507. Calculate the greatest common divisor of i and v.
3
Let h(o) = 58*o - 5197. Let l be h(90). Calculate the greatest common divisor of 11178 and l.
23
Suppose -3*k + 411 = -3*b, -2*b - 154 = 2*k - 452. What is the highest common divisor of 416 and k?
13
Suppose 0 = -40*p + 28*p + 144. What is the highest common factor of 6924 and p?
12
Suppose 0 = -11*m + 15*m - 1868. Suppose 1427 - m = 3*f. Suppose 472 + f = 9*u. Calculate the highest common factor of u and 8.
8
Suppose -19*v + 23*v + 28 = 0. Let q(j) = j**2 + 3*j - 10. Let t be q(v). What is the greatest common factor of 30 and t?
6
Let d = 1 + -10. Let s be ((-6)/d)/((-2)/(-9)). Suppose -w - 6*o = -8*o - 20, 0 = w - 4*o - 28. What is the highest common factor of s and w?
3
Let i be (-92)/(-28) - 2/7. Suppose -2*f + 2*p = -4*f + 6, -2*f + i*p = -6. Suppose -z + 19 + f = 0. What is the greatest common factor of 11 and z?
11
Let t(i) = 0*i - i - 4*i. Let c be t(-1). Suppose 2*l - 154 = -c*l. Calculate the highest common factor of l and 11.
11
Let r(b) = -47*b - 21*b + 27*b - 176 - 10*b. Let g be r(-4). Calculate the greatest common divisor of 32 and g.
4
Let x be (-120)/(-48)*1/(1/(-32)). Let f = -76 - x. Suppose 3*k + 8*q - 4*q = 462, f*k + 4*q - 616 = 0. What is the greatest common divisor of 14 and k?
14
Suppose 13*t + 2824 = 3890. What is the greatest common factor of 4 and t?
2
Let c = 327 - 319. Let t(q) = 2*q**2 - 12*q + 88. Let n be t(c). Let g = 37 + -13. Calculate the highest common factor of n and g.
24
Suppose 7*p - 1 = -2073. Let d = p + 310. Calculate the highest common divisor of 63 and d.
7
Let i = 1339 - 1311. Calculate the greatest common divisor of 840 and i.
28
Suppose -266*w + 199*w = -2412. Suppose -4*t + 0*t = -28. Let x = t - -389. Calculate the highest common divisor of x and w.
36
Let s = -32 - -35. Let n be 5*s/(-30)*4. Let u(b) = 8*b**2 + 1. Let k be u(n). What is the highest common divisor of k and 22?
11
Let l(o) = 165 - 153 - 4*o - 4*o - o. Let c(m) = -5*m + 10. Let t be c(4). Let d be l(t). What is the highest common factor of 68 and d?
34
Suppose 5*n - 7*n - 44 = 0. Let t(r) = -2*r**2 - 47*r + 4. Let a be t(n). Calculate the greatest common divisor of 35 and a.
35
Let p be 718/14 + 6/(-21). Let t = p + -46. Suppose 0 = -4*n + 4*o + 29 - t, 0 = -2*n - 2*o. What is the highest common factor of 1 and n?
1
Suppose -4*v + 0*v = 4*b + 12, 0 = 5*b. Let a be v + 0 - (0 - 39). Let t = 4 - -8. What is the greatest common divisor of a and t?
12
Let n(g) = 2*g**3 + 15*g**2 + 8*g + 12. Let k be n(-7). Suppose 4*o + 12 = 2*c, k = 3*o - 4. What is the greatest common factor of 40 and c?
4
Let h be 420/21*36/(-10). Let p be 1/2*h/(-12). Let q be ((-999)/(-6))/p + 6/(-4). Calculate the highest common factor of 27 and q.
27
Let c = -462 - -400. Let f = -56 - c. What is the greatest common divisor of 192 and f?
6
Suppose -4577*g + 1072 = -4576*g. What is the highest common factor of 67 and g?
67
Let u(c) = -c**3 - 16*c**2 + 15*c - 29. Let m be u(-17). Suppose -5*b - m*x = 5, -2*x + 9 - 26 = -3*b. Calculate the highest common factor of b and 66.
3
Let x(a) = 11*a - 61. Let y be x(7). Suppose y*j = 11*j + 140. What is the highest common divisor of 476 and j?
28
Let m(w) = 35*w + 15 - 44 - 28 - 13. Let u be m(3). What is the highest common divisor of 5 and u?
5
Let l be -2 + (-5 + 6 - -6). Suppose 5*u + 4*x - 1229 = 0, l*u + 0*u + 5*x = 1230. Calculate the highest common divisor of 70 and u.
35
Suppose 0 = 23*s - 21*s + 6. Let o be s*(14/35)/(9/(-255)). What is the highest common factor of 34 and o?
34
Let c(d) = -d**3 + 33*d**2 - 11*d + 59. Let g be c(33). Let a = 319 + g. What is the greatest common factor of 5 and a?
5
Let w(c) = 63*c**2 - 3*c - 4. Let a be w(2). Suppose 0 = f - 23*f + a. Calculate the greatest common divisor of 407 and f.
11
Let l be (50/(-45))/((-24)/756). Let q = -511 + 756. Calculate the highest common divisor of q and l.
35
Let a(d) = 4*d**2 + 2*d + 602. Let x be a(0). Let v = -575 + x. Calculate the highest common factor of v and 999.
27
Let z = 509 - -170. Let d = -199 + z. What is the highest common divisor of 96 and d?
96
Suppose h = -20 + 14. Let a be (-268)/10 + h/30. Let y = a - -59. Calculate the highest common factor of y and 80.
16
Suppose 0 = 9*t - 8*t - 5. Suppose -211 = -t*o - 3*k, -5*o + 8*o - 129 = -k. Suppose -r + 2*r = 11. What is the greatest common factor of o and r?
11
Let t = -571 - -601. Let p be 62054/570 - (-4)/t. What is the highest common factor of 545 and p?
109
Suppose 0 = -2*v + 4*j + 1254, 12*v - 1875 = 9*v + 4*j. Suppose -5*u - 4*u = -v. What is the greatest common factor of u and 23?
23
Let m(o) = -219*o + 4904. Let z be m(21). What is the greatest common divisor of z and 15?
5
Let q(u) = 2*u - 2. Let v = -11 + 11. Suppose -s = -2*o + 21, 3*o + 3*s = -v*o + 9. Let b be q(o). Calculate the greatest common divisor of b and 70.
14
Let d(t) = -t**3 - 56*t**2 + 127*t + 666. Let s be d(-58). What is the greatest common divisor of 3157 and s?
7
Let i be 4 + -3 + 0 + 23. Suppose 0 = -4*j + 3*a + 2*a + 910, -2*a = -4. Suppose 86 - j = -3*d. What is the greatest common factor of d and i?
24
Let i = -86 + -676. Let c = i - -946. What is the highest common divisor of 92 and c?
92
Suppose -2*z - 52 = -2*a + 2*z, 2*z + 10